{"id":7880,"date":"2020-06-10T18:54:09","date_gmt":"2020-06-10T18:54:09","guid":{"rendered":"https:\/\/portugalnomapa.com\/?page_id=7880"},"modified":"2020-06-11T16:23:25","modified_gmt":"2020-06-11T16:23:25","slug":"empreita-de-palma","status":"publish","type":"page","link":"https:\/\/portugalnomapa.com\/index.php\/empreita-de-palma\/","title":{"rendered":"Empreita de palma"},"content":{"rendered":"\n<p>&#8216;A empreita de palma, cujo nome prov\u00e9m do facto de ser feita \u00e0 empreitada, isto \u00e9, o pre\u00e7o do produto final depende da quantidade e tipo da mat\u00e9ria prima utilizada, \u00e9 produzida a partir das folhas de palma.&#8217; &#8211;\u00a0<em>in wikipedia<\/em><\/p>\n\n\n\n<p style=\"text-align:right\" class=\"has-text-color has-vivid-cyan-blue-color\"><a href=\"http:\/\/portugalnomapa.com\/index.php\/distrito-de-faro\/?marker=3555\"><strong>Mapa da Regi\u00e3o<\/strong><\/a><\/p>\n\n\n\t\t<div id=\"maps-marker-pro-14eb980c\" class=\"maps-marker-pro\" style=\"width: 100%;\">\r\n\t\t\t<div id=\"mmp-map-wrap-14eb980c\" class=\"mmp-map-wrap\">\r\n\t\t\t\t\t\t\t\t\t<div id=\"mmp-panel-14eb980c\" class=\"mmp-panel\"><\/div>\r\n\t\t\t\t\t\t\t\t<div id=\"mmp-map-14eb980c\" class=\"mmp-map\" style=\"height: 480px;\"><\/div>\r\n\t\t\t\t\t\t\t<\/div>\r\n\t\t\t\t\t<\/div>\r\n\t\t\n\n\n\n<p><\/p>\n","protected":false},"excerpt":{"rendered":"<p>&#8216;A empreita de palma, cujo nome prov\u00e9m do facto de ser feita \u00e0 empreitada, isto \u00e9, o pre\u00e7o do produto final depende da quantidade e tipo da mat\u00e9ria prima utilizada, \u00e9 produzida a partir das folhas de palma.&#8217; &#8211;\u00a0in wikipedia Mapa da Regi\u00e3o<\/p>\n","protected":false},"author":4,"featured_media":0,"parent":0,"menu_order":0,"comment_status":"closed","ping_status":"open","template":"","meta":{"footnotes":""},"class_list":["post-7880","page","type-page","status-publish","hentry"],"ams_acf":[],"_links":{"self":[{"href":"https:\/\/portugalnomapa.com\/index.php\/wp-json\/wp\/v2\/pages\/7880"}],"collection":[{"href":"https:\/\/portugalnomapa.com\/index.php\/wp-json\/wp\/v2\/pages"}],"about":[{"href":"https:\/\/portugalnomapa.com\/index.php\/wp-json\/wp\/v2\/types\/page"}],"author":[{"embeddable":true,"href":"https:\/\/portugalnomapa.com\/index.php\/wp-json\/wp\/v2\/users\/4"}],"replies":[{"embeddable":true,"href":"https:\/\/portugalnomapa.com\/index.php\/wp-json\/wp\/v2\/comments?post=7880"}],"version-history":[{"count":3,"href":"https:\/\/portugalnomapa.com\/index.php\/wp-json\/wp\/v2\/pages\/7880\/revisions"}],"predecessor-version":[{"id":11108,"href":"https:\/\/portugalnomapa.com\/index.php\/wp-json\/wp\/v2\/pages\/7880\/revisions\/11108"}],"wp:attachment":[{"href":"https:\/\/portugalnomapa.com\/index.php\/wp-json\/wp\/v2\/media?parent=7880"}],"curies":[{"name":"wp","href":"https:\/\/api.w.org\/{rel}","templated":true}]}}