{"id":5377,"date":"2020-06-10T18:57:58","date_gmt":"2020-06-10T18:57:58","guid":{"rendered":"https:\/\/portugalnomapa.com\/index.php\/miradouro-de-santa-luzia-viseu\/"},"modified":"2020-06-11T16:35:01","modified_gmt":"2020-06-11T16:35:01","slug":"miradouro-de-santa-luzia-viseu","status":"publish","type":"page","link":"https:\/\/portugalnomapa.com\/index.php\/miradouro-de-santa-luzia-viseu\/","title":{"rendered":"Miradouro de Santa Luzia (Viseu)"},"content":{"rendered":"<p style=\"text-align: justify;\">&#8216;Acerca de 6km da cidade de Viseu, o Monte de Santa Luzia, outrora importante castro proto-hist\u00f3rico foi, durante 25 anos alvo de extra\u00e7\u00e3o de quartzo.&#8217; &#8211;\u00a0<em>in visitviseu<\/em><\/p>\n<p style=\"text-align: right;\"><a href=\"http:\/\/portugalnomapa.com\/index.php\/distrito-de-viseu\/?marker=3388\"><span style=\"color: #3366ff;\"><strong>Mapa da Regi\u00e3o<\/strong><\/span><\/a><\/p>\n<div class=\"maps-marker-pro mmp-map-error\">Error: map could not be loaded - a marker with ID 3388 does not exist. Please contact the site owner.<\/div>\n","protected":false},"excerpt":{"rendered":"<p>&#8216;Acerca de 6km da cidade de Viseu, o Monte de Santa Luzia, outrora importante castro proto-hist\u00f3rico foi, durante 25 anos alvo de extra\u00e7\u00e3o de quartzo.&#8217; &#8211;\u00a0in visitviseu Mapa da Regi\u00e3o<\/p>\n","protected":false},"author":4,"featured_media":0,"parent":0,"menu_order":0,"comment_status":"closed","ping_status":"open","template":"","meta":{"footnotes":""},"class_list":["post-5377","page","type-page","status-publish","hentry"],"ams_acf":[],"_links":{"self":[{"href":"https:\/\/portugalnomapa.com\/index.php\/wp-json\/wp\/v2\/pages\/5377"}],"collection":[{"href":"https:\/\/portugalnomapa.com\/index.php\/wp-json\/wp\/v2\/pages"}],"about":[{"href":"https:\/\/portugalnomapa.com\/index.php\/wp-json\/wp\/v2\/types\/page"}],"author":[{"embeddable":true,"href":"https:\/\/portugalnomapa.com\/index.php\/wp-json\/wp\/v2\/users\/4"}],"replies":[{"embeddable":true,"href":"https:\/\/portugalnomapa.com\/index.php\/wp-json\/wp\/v2\/comments?post=5377"}],"version-history":[{"count":4,"href":"https:\/\/portugalnomapa.com\/index.php\/wp-json\/wp\/v2\/pages\/5377\/revisions"}],"predecessor-version":[{"id":11798,"href":"https:\/\/portugalnomapa.com\/index.php\/wp-json\/wp\/v2\/pages\/5377\/revisions\/11798"}],"wp:attachment":[{"href":"https:\/\/portugalnomapa.com\/index.php\/wp-json\/wp\/v2\/media?parent=5377"}],"curies":[{"name":"wp","href":"https:\/\/api.w.org\/{rel}","templated":true}]}}