{"id":4821,"date":"2020-06-10T18:55:41","date_gmt":"2020-06-10T18:55:41","guid":{"rendered":"https:\/\/portugalnomapa.com\/index.php\/igreja-de-nossa-senhora-dos-milagres\/"},"modified":"2020-06-11T16:26:34","modified_gmt":"2020-06-11T16:26:34","slug":"igreja-de-nossa-senhora-dos-milagres","status":"publish","type":"page","link":"https:\/\/portugalnomapa.com\/index.php\/igreja-de-nossa-senhora-dos-milagres\/","title":{"rendered":"Igreja de Nossa Senhora dos Milagres"},"content":{"rendered":"<p style=\"text-align: justify\">&#8216;O primeiro templo erguido na ilha constitui-se em uma simples ermida, de pequenas dimens\u00f5es, sob a invoca\u00e7\u00e3o de Nossa Senhora do Ros\u00e1rio, localizada junto ao mar.&#8217; &#8211;\u00a0<em>in wikipedia<\/em><\/p>\n<p style=\"text-align: right\"><a href=\"http:\/\/portugalnomapa.com\/index.php\/ilha-do-corvo\/?marker=3155\"><span style=\"color: #3366ff\"><strong>Mapa da Regi\u00e3o<\/strong><\/span><\/a><\/p>\n\t\t<div id=\"maps-marker-pro-32a22f5d\" class=\"maps-marker-pro\" style=\"width: 100%;\">\r\n\t\t\t<div id=\"mmp-map-wrap-32a22f5d\" class=\"mmp-map-wrap\">\r\n\t\t\t\t\t\t\t\t\t<div id=\"mmp-panel-32a22f5d\" class=\"mmp-panel\"><\/div>\r\n\t\t\t\t\t\t\t\t<div id=\"mmp-map-32a22f5d\" class=\"mmp-map\" style=\"height: 480px;\"><\/div>\r\n\t\t\t\t\t\t\t<\/div>\r\n\t\t\t\t\t<\/div>\r\n\t\t\n","protected":false},"excerpt":{"rendered":"<p>&#8216;O primeiro templo erguido na ilha constitui-se em uma simples ermida, de pequenas dimens\u00f5es, sob a invoca\u00e7\u00e3o de Nossa Senhora do Ros\u00e1rio, localizada junto ao mar.&#8217; &#8211;\u00a0in wikipedia Mapa da Regi\u00e3o<\/p>\n","protected":false},"author":4,"featured_media":0,"parent":0,"menu_order":0,"comment_status":"closed","ping_status":"open","template":"","meta":{"footnotes":""},"class_list":["post-4821","page","type-page","status-publish","hentry"],"ams_acf":[],"_links":{"self":[{"href":"https:\/\/portugalnomapa.com\/index.php\/wp-json\/wp\/v2\/pages\/4821"}],"collection":[{"href":"https:\/\/portugalnomapa.com\/index.php\/wp-json\/wp\/v2\/pages"}],"about":[{"href":"https:\/\/portugalnomapa.com\/index.php\/wp-json\/wp\/v2\/types\/page"}],"author":[{"embeddable":true,"href":"https:\/\/portugalnomapa.com\/index.php\/wp-json\/wp\/v2\/users\/4"}],"replies":[{"embeddable":true,"href":"https:\/\/portugalnomapa.com\/index.php\/wp-json\/wp\/v2\/comments?post=4821"}],"version-history":[{"count":4,"href":"https:\/\/portugalnomapa.com\/index.php\/wp-json\/wp\/v2\/pages\/4821\/revisions"}],"predecessor-version":[{"id":11381,"href":"https:\/\/portugalnomapa.com\/index.php\/wp-json\/wp\/v2\/pages\/4821\/revisions\/11381"}],"wp:attachment":[{"href":"https:\/\/portugalnomapa.com\/index.php\/wp-json\/wp\/v2\/media?parent=4821"}],"curies":[{"name":"wp","href":"https:\/\/api.w.org\/{rel}","templated":true}]}}