{"id":4436,"date":"2020-06-10T18:52:50","date_gmt":"2020-06-10T18:52:50","guid":{"rendered":"https:\/\/portugalnomapa.com\/index.php\/centro-historico-de-angra-do-heroismo\/"},"modified":"2020-06-11T16:20:10","modified_gmt":"2020-06-11T16:20:10","slug":"centro-historico-de-angra-do-heroismo","status":"publish","type":"page","link":"https:\/\/portugalnomapa.com\/index.php\/centro-historico-de-angra-do-heroismo\/","title":{"rendered":"Centro Hist\u00f3rico de Angra do Hero\u00edsmo"},"content":{"rendered":"<p style=\"text-align: justify\">&#8216;O Centro Hist\u00f3rico de Angra do Hero\u00edsmo localiza-se na cidade de mesmo nome, na Ilha Terceira, nos A\u00e7ores.&#8217; &#8211;\u00a0<em>in wikipedia<\/em><\/p>\n<p style=\"text-align: right\"><a href=\"http:\/\/portugalnomapa.com\/index.php\/ilha-terceira\/?marker=3052\"><span style=\"color: #3366ff\"><strong>Mapa da Regi\u00e3o<\/strong><\/span><\/a><\/p>\n\t\t<div id=\"maps-marker-pro-2ac2e3cb\" class=\"maps-marker-pro\" style=\"width: 100%;\">\r\n\t\t\t<div id=\"mmp-map-wrap-2ac2e3cb\" class=\"mmp-map-wrap\">\r\n\t\t\t\t\t\t\t\t\t<div id=\"mmp-panel-2ac2e3cb\" class=\"mmp-panel\"><\/div>\r\n\t\t\t\t\t\t\t\t<div id=\"mmp-map-2ac2e3cb\" class=\"mmp-map\" style=\"height: 480px;\"><\/div>\r\n\t\t\t\t\t\t\t<\/div>\r\n\t\t\t\t\t<\/div>\r\n\t\t\n","protected":false},"excerpt":{"rendered":"<p>&#8216;O Centro Hist\u00f3rico de Angra do Hero\u00edsmo localiza-se na cidade de mesmo nome, na Ilha Terceira, nos A\u00e7ores.&#8217; &#8211;\u00a0in wikipedia Mapa da Regi\u00e3o<\/p>\n","protected":false},"author":4,"featured_media":0,"parent":0,"menu_order":0,"comment_status":"closed","ping_status":"open","template":"","meta":{"footnotes":""},"class_list":["post-4436","page","type-page","status-publish","hentry"],"ams_acf":[],"_links":{"self":[{"href":"https:\/\/portugalnomapa.com\/index.php\/wp-json\/wp\/v2\/pages\/4436"}],"collection":[{"href":"https:\/\/portugalnomapa.com\/index.php\/wp-json\/wp\/v2\/pages"}],"about":[{"href":"https:\/\/portugalnomapa.com\/index.php\/wp-json\/wp\/v2\/types\/page"}],"author":[{"embeddable":true,"href":"https:\/\/portugalnomapa.com\/index.php\/wp-json\/wp\/v2\/users\/4"}],"replies":[{"embeddable":true,"href":"https:\/\/portugalnomapa.com\/index.php\/wp-json\/wp\/v2\/comments?post=4436"}],"version-history":[{"count":5,"href":"https:\/\/portugalnomapa.com\/index.php\/wp-json\/wp\/v2\/pages\/4436\/revisions"}],"predecessor-version":[{"id":10965,"href":"https:\/\/portugalnomapa.com\/index.php\/wp-json\/wp\/v2\/pages\/4436\/revisions\/10965"}],"wp:attachment":[{"href":"https:\/\/portugalnomapa.com\/index.php\/wp-json\/wp\/v2\/media?parent=4436"}],"curies":[{"name":"wp","href":"https:\/\/api.w.org\/{rel}","templated":true}]}}