{"id":3656,"date":"2020-06-10T18:58:37","date_gmt":"2020-06-10T18:58:37","guid":{"rendered":"https:\/\/portugalnomapa.com\/?page_id=3656"},"modified":"2020-06-11T16:38:17","modified_gmt":"2020-06-11T16:38:17","slug":"mosteiro-de-santo-andre-de-ancede","status":"publish","type":"page","link":"https:\/\/portugalnomapa.com\/index.php\/mosteiro-de-santo-andre-de-ancede\/","title":{"rendered":"Mosteiro de Santo Andr\u00e9 de Ancede"},"content":{"rendered":"<p style=\"text-align: justify;\">&#8216;Apesar de se desconhecer a data da sua funda\u00e7\u00e3o, sabe-se que em 1120 este Mosteiro pertencia j\u00e1 \u00e0 Diocese do Porto, estando ligado aos C\u00f3negos Regrantes de Santo Agostinho.&#8217; &#8211;\u00a0<em>in www.visitbaiao.pt<\/em><\/p>\n<p style=\"text-align: right;\"><a href=\"http:\/\/portugalnomapa.com\/index.php\/distrito-do-porto\/?marker=2818\"><span style=\"color: #3366ff;\"><strong>Mapa da Regi\u00e3o<\/strong><\/span><\/a><\/p>\n\t\t<div id=\"maps-marker-pro-8d2b57b1\" class=\"maps-marker-pro\" style=\"width: 100%;\">\r\n\t\t\t<div id=\"mmp-map-wrap-8d2b57b1\" class=\"mmp-map-wrap\">\r\n\t\t\t\t\t\t\t\t\t<div id=\"mmp-panel-8d2b57b1\" class=\"mmp-panel\"><\/div>\r\n\t\t\t\t\t\t\t\t<div id=\"mmp-map-8d2b57b1\" class=\"mmp-map\" style=\"height: 480px;\"><\/div>\r\n\t\t\t\t\t\t\t<\/div>\r\n\t\t\t\t\t<\/div>\r\n\t\t\n","protected":false},"excerpt":{"rendered":"<p>&#8216;Apesar de se desconhecer a data da sua funda\u00e7\u00e3o, sabe-se que em 1120 este Mosteiro pertencia j\u00e1 \u00e0 Diocese do Porto, estando ligado aos C\u00f3negos Regrantes de Santo Agostinho.&#8217; &#8211;\u00a0in www.visitbaiao.pt Mapa da Regi\u00e3o<\/p>\n","protected":false},"author":4,"featured_media":0,"parent":0,"menu_order":0,"comment_status":"closed","ping_status":"open","template":"","meta":{"footnotes":""},"class_list":["post-3656","page","type-page","status-publish","hentry"],"ams_acf":[],"_links":{"self":[{"href":"https:\/\/portugalnomapa.com\/index.php\/wp-json\/wp\/v2\/pages\/3656"}],"collection":[{"href":"https:\/\/portugalnomapa.com\/index.php\/wp-json\/wp\/v2\/pages"}],"about":[{"href":"https:\/\/portugalnomapa.com\/index.php\/wp-json\/wp\/v2\/types\/page"}],"author":[{"embeddable":true,"href":"https:\/\/portugalnomapa.com\/index.php\/wp-json\/wp\/v2\/users\/4"}],"replies":[{"embeddable":true,"href":"https:\/\/portugalnomapa.com\/index.php\/wp-json\/wp\/v2\/comments?post=3656"}],"version-history":[{"count":6,"href":"https:\/\/portugalnomapa.com\/index.php\/wp-json\/wp\/v2\/pages\/3656\/revisions"}],"predecessor-version":[{"id":11939,"href":"https:\/\/portugalnomapa.com\/index.php\/wp-json\/wp\/v2\/pages\/3656\/revisions\/11939"}],"wp:attachment":[{"href":"https:\/\/portugalnomapa.com\/index.php\/wp-json\/wp\/v2\/media?parent=3656"}],"curies":[{"name":"wp","href":"https:\/\/api.w.org\/{rel}","templated":true}]}}