{"id":1755,"date":"2020-06-10T19:00:23","date_gmt":"2020-06-10T19:00:23","guid":{"rendered":"http:\/\/portugalnomapa.com\/index.php\/distrito-de-lisboa\/palacio-quintela\/"},"modified":"2020-06-11T16:40:55","modified_gmt":"2020-06-11T16:40:55","slug":"palacio-quintela","status":"publish","type":"page","link":"https:\/\/portugalnomapa.com\/index.php\/palacio-quintela\/","title":{"rendered":"Pal\u00e1cio Quintela"},"content":{"rendered":"<p style=\"text-align: justify\">&#8216;O Pal\u00e1cio Quintela \u00e9 um pal\u00e1cio que se localiza na freguesia da Miseric\u00f3rdia, em Lisboa (antiga freguesia da Encarna\u00e7\u00e3o), constru\u00eddo por iniciativa da fam\u00edlia dos Bar\u00f5es de Quintela para sua resid\u00eancia, no final do s\u00e9culo XVIII.&#8217; &#8211;\u00a0<em>in wikipedia<\/em><\/p>\n<p style=\"text-align: right\"><a href=\"http:\/\/portugalnomapa.com\/index.php\/lisboa---cidade\/?marker=2540\"><span style=\"color: #3366ff\"><strong>Mapa da Regi\u00e3o<\/strong><\/span><\/a><\/p>\n\t\t<div id=\"maps-marker-pro-843e3f85\" class=\"maps-marker-pro\" style=\"width: 100%;\">\r\n\t\t\t<div id=\"mmp-map-wrap-843e3f85\" class=\"mmp-map-wrap\">\r\n\t\t\t\t\t\t\t\t\t<div id=\"mmp-panel-843e3f85\" class=\"mmp-panel\"><\/div>\r\n\t\t\t\t\t\t\t\t<div id=\"mmp-map-843e3f85\" class=\"mmp-map\" style=\"height: 480px;\"><\/div>\r\n\t\t\t\t\t\t\t<\/div>\r\n\t\t\t\t\t<\/div>\r\n\t\t\n","protected":false},"excerpt":{"rendered":"<p>&#8216;O Pal\u00e1cio Quintela \u00e9 um pal\u00e1cio que se localiza na freguesia da Miseric\u00f3rdia, em Lisboa (antiga freguesia da Encarna\u00e7\u00e3o), constru\u00eddo por iniciativa da fam\u00edlia dos Bar\u00f5es de Quintela para sua resid\u00eancia, no final do s\u00e9culo XVIII.&#8217; &#8211;\u00a0in wikipedia Mapa da Regi\u00e3o<\/p>\n","protected":false},"author":4,"featured_media":0,"parent":0,"menu_order":0,"comment_status":"closed","ping_status":"open","template":"","meta":{"footnotes":""},"class_list":["post-1755","page","type-page","status-publish","hentry"],"ams_acf":[],"_links":{"self":[{"href":"https:\/\/portugalnomapa.com\/index.php\/wp-json\/wp\/v2\/pages\/1755"}],"collection":[{"href":"https:\/\/portugalnomapa.com\/index.php\/wp-json\/wp\/v2\/pages"}],"about":[{"href":"https:\/\/portugalnomapa.com\/index.php\/wp-json\/wp\/v2\/types\/page"}],"author":[{"embeddable":true,"href":"https:\/\/portugalnomapa.com\/index.php\/wp-json\/wp\/v2\/users\/4"}],"replies":[{"embeddable":true,"href":"https:\/\/portugalnomapa.com\/index.php\/wp-json\/wp\/v2\/comments?post=1755"}],"version-history":[{"count":5,"href":"https:\/\/portugalnomapa.com\/index.php\/wp-json\/wp\/v2\/pages\/1755\/revisions"}],"predecessor-version":[{"id":12250,"href":"https:\/\/portugalnomapa.com\/index.php\/wp-json\/wp\/v2\/pages\/1755\/revisions\/12250"}],"wp:attachment":[{"href":"https:\/\/portugalnomapa.com\/index.php\/wp-json\/wp\/v2\/media?parent=1755"}],"curies":[{"name":"wp","href":"https:\/\/api.w.org\/{rel}","templated":true}]}}