{"id":166,"date":"2020-06-10T18:56:54","date_gmt":"2020-06-10T18:56:54","guid":{"rendered":"http:\/\/portugalnomapa.com\/index.php\/distrito-de-leiria\/igreja-matriz-de-obidos\/"},"modified":"2020-06-11T16:33:12","modified_gmt":"2020-06-11T16:33:12","slug":"igreja-matriz-de-obidos","status":"publish","type":"page","link":"https:\/\/portugalnomapa.com\/index.php\/igreja-matriz-de-obidos\/","title":{"rendered":"Igreja Matriz de \u00d3bidos"},"content":{"rendered":"<p style=\"text-align: justify;\">&#8221;Embora n\u00e3o existam certezas a esse respeito, a origem da igreja remontaria, segundo a tradi\u00e7\u00e3o, ao per\u00edodo visig\u00f3tico, tendo sido transformada em mesquita no per\u00edodo mu\u00e7ulmano&#8217; &#8211;\u00a0<em>in wikipedia<\/em><\/p>\n<p style=\"text-align: right;\"><a href=\"http:\/\/portugalnomapa.com\/index.php\/distrito-de-leiria\/?marker=1249\"><span style=\"color: #3366ff;\"><strong>Mapa da Regi\u00e3o<\/strong><\/span><\/a><\/p>\n\t\t<div id=\"maps-marker-pro-2e71e7f9\" class=\"maps-marker-pro\" style=\"width: 100%;\">\r\n\t\t\t<div id=\"mmp-map-wrap-2e71e7f9\" class=\"mmp-map-wrap\">\r\n\t\t\t\t\t\t\t\t\t<div id=\"mmp-panel-2e71e7f9\" class=\"mmp-panel\"><\/div>\r\n\t\t\t\t\t\t\t\t<div id=\"mmp-map-2e71e7f9\" class=\"mmp-map\" style=\"height: 480px;\"><\/div>\r\n\t\t\t\t\t\t\t<\/div>\r\n\t\t\t\t\t<\/div>\r\n\t\t\n","protected":false},"excerpt":{"rendered":"<p>&#8221;Embora n\u00e3o existam certezas a esse respeito, a origem da igreja remontaria, segundo a tradi\u00e7\u00e3o, ao per\u00edodo visig\u00f3tico, tendo sido transformada em mesquita no per\u00edodo mu\u00e7ulmano&#8217; &#8211;\u00a0in wikipedia Mapa da Regi\u00e3o<\/p>\n","protected":false},"author":4,"featured_media":0,"parent":0,"menu_order":0,"comment_status":"closed","ping_status":"open","template":"","meta":{"footnotes":""},"class_list":["post-166","page","type-page","status-publish","hentry"],"ams_acf":[],"_links":{"self":[{"href":"https:\/\/portugalnomapa.com\/index.php\/wp-json\/wp\/v2\/pages\/166"}],"collection":[{"href":"https:\/\/portugalnomapa.com\/index.php\/wp-json\/wp\/v2\/pages"}],"about":[{"href":"https:\/\/portugalnomapa.com\/index.php\/wp-json\/wp\/v2\/types\/page"}],"author":[{"embeddable":true,"href":"https:\/\/portugalnomapa.com\/index.php\/wp-json\/wp\/v2\/users\/4"}],"replies":[{"embeddable":true,"href":"https:\/\/portugalnomapa.com\/index.php\/wp-json\/wp\/v2\/comments?post=166"}],"version-history":[{"count":4,"href":"https:\/\/portugalnomapa.com\/index.php\/wp-json\/wp\/v2\/pages\/166\/revisions"}],"predecessor-version":[{"id":11577,"href":"https:\/\/portugalnomapa.com\/index.php\/wp-json\/wp\/v2\/pages\/166\/revisions\/11577"}],"wp:attachment":[{"href":"https:\/\/portugalnomapa.com\/index.php\/wp-json\/wp\/v2\/media?parent=166"}],"curies":[{"name":"wp","href":"https:\/\/api.w.org\/{rel}","templated":true}]}}