{"id":1638,"date":"2020-06-10T18:56:33","date_gmt":"2020-06-10T18:56:33","guid":{"rendered":"http:\/\/portugalnomapa.com\/index.php\/distrito-do-porto\/igreja-de-sao-pedro-de-cete\/"},"modified":"2020-06-11T16:27:16","modified_gmt":"2020-06-11T16:27:16","slug":"igreja-de-sao-pedro-de-cete","status":"publish","type":"page","link":"https:\/\/portugalnomapa.com\/index.php\/igreja-de-sao-pedro-de-cete\/","title":{"rendered":"Igreja de S\u00e3o Pedro de Cete"},"content":{"rendered":"<p style=\"text-align: justify\">&#8216;O Mosteiro de S\u00e3o Pedro de Cete, tamb\u00e9m conhecido como Igreja de S\u00e3o Pedro de Cete ou Igreja Paroquial do Mosteiro de Cete localiza-se em Cete, freguesia portuguesa do concelho de Paredes.&#8217; &#8211;\u00a0<em>in wikipedia<\/em><\/p>\n<p style=\"text-align: right\"><a href=\"http:\/\/portugalnomapa.com\/index.php\/distrito-do-porto\/?marker=2426\"><span style=\"color: #3366ff\"><strong>Mapa da Regi\u00e3o<\/strong><\/span><\/a><\/p>\n\t\t<div id=\"maps-marker-pro-b8638634\" class=\"maps-marker-pro\" style=\"width: 100%;\">\r\n\t\t\t<div id=\"mmp-map-wrap-b8638634\" class=\"mmp-map-wrap\">\r\n\t\t\t\t\t\t\t\t\t<div id=\"mmp-panel-b8638634\" class=\"mmp-panel\"><\/div>\r\n\t\t\t\t\t\t\t\t<div id=\"mmp-map-b8638634\" class=\"mmp-map\" style=\"height: 480px;\"><\/div>\r\n\t\t\t\t\t\t\t<\/div>\r\n\t\t\t\t\t<\/div>\r\n\t\t\n","protected":false},"excerpt":{"rendered":"<p>&#8216;O Mosteiro de S\u00e3o Pedro de Cete, tamb\u00e9m conhecido como Igreja de S\u00e3o Pedro de Cete ou Igreja Paroquial do Mosteiro de Cete localiza-se em Cete, freguesia portuguesa do concelho de Paredes.&#8217; &#8211;\u00a0in wikipedia Mapa da Regi\u00e3o<\/p>\n","protected":false},"author":4,"featured_media":0,"parent":0,"menu_order":0,"comment_status":"closed","ping_status":"open","template":"","meta":{"footnotes":""},"class_list":["post-1638","page","type-page","status-publish","hentry"],"ams_acf":[],"_links":{"self":[{"href":"https:\/\/portugalnomapa.com\/index.php\/wp-json\/wp\/v2\/pages\/1638"}],"collection":[{"href":"https:\/\/portugalnomapa.com\/index.php\/wp-json\/wp\/v2\/pages"}],"about":[{"href":"https:\/\/portugalnomapa.com\/index.php\/wp-json\/wp\/v2\/types\/page"}],"author":[{"embeddable":true,"href":"https:\/\/portugalnomapa.com\/index.php\/wp-json\/wp\/v2\/users\/4"}],"replies":[{"embeddable":true,"href":"https:\/\/portugalnomapa.com\/index.php\/wp-json\/wp\/v2\/comments?post=1638"}],"version-history":[{"count":6,"href":"https:\/\/portugalnomapa.com\/index.php\/wp-json\/wp\/v2\/pages\/1638\/revisions"}],"predecessor-version":[{"id":11500,"href":"https:\/\/portugalnomapa.com\/index.php\/wp-json\/wp\/v2\/pages\/1638\/revisions\/11500"}],"wp:attachment":[{"href":"https:\/\/portugalnomapa.com\/index.php\/wp-json\/wp\/v2\/media?parent=1638"}],"curies":[{"name":"wp","href":"https:\/\/api.w.org\/{rel}","templated":true}]}}