{"id":1239,"date":"2020-06-10T18:52:01","date_gmt":"2020-06-10T18:52:01","guid":{"rendered":"http:\/\/portugalnomapa.com\/index.php\/distrito-de-braganca\/castelo-de-mogadouro\/"},"modified":"2020-06-11T16:19:12","modified_gmt":"2020-06-11T16:19:12","slug":"castelo-de-mogadouro","status":"publish","type":"page","link":"https:\/\/portugalnomapa.com\/index.php\/castelo-de-mogadouro\/","title":{"rendered":"Castelo de Mogadouro"},"content":{"rendered":"<p style=\"text-align: justify;\">&#8216;<br \/>\n&#8216;O Castelo de Mogadouro, em Tr\u00e1s-os-Montes, localiza-se na freguesia, povoa\u00e7\u00e3o e concelho de Mogadouro, no distrito de Bragan\u00e7a, em Portugal&#8217; &#8211;\u00a0<em>in wikipedia<\/em><\/p>\n<p style=\"text-align: right;\"><a href=\"http:\/\/portugalnomapa.com\/index.php\/distrito-de-braganca\/?marker=1993\"><span style=\"color: #3366ff;\"><strong>Mapa da Regi\u00e3o<\/strong><\/span><\/a><\/p>\n\t\t<div id=\"maps-marker-pro-61a6b259\" class=\"maps-marker-pro\" style=\"width: 100%;\">\r\n\t\t\t<div id=\"mmp-map-wrap-61a6b259\" class=\"mmp-map-wrap\">\r\n\t\t\t\t\t\t\t\t\t<div id=\"mmp-panel-61a6b259\" class=\"mmp-panel\"><\/div>\r\n\t\t\t\t\t\t\t\t<div id=\"mmp-map-61a6b259\" class=\"mmp-map\" style=\"height: 480px;\"><\/div>\r\n\t\t\t\t\t\t\t<\/div>\r\n\t\t\t\t\t<\/div>\r\n\t\t\n","protected":false},"excerpt":{"rendered":"<p>&#8216; &#8216;O Castelo de Mogadouro, em Tr\u00e1s-os-Montes, localiza-se na freguesia, povoa\u00e7\u00e3o e concelho de Mogadouro, no distrito de Bragan\u00e7a, em Portugal&#8217; &#8211;\u00a0in wikipedia Mapa da Regi\u00e3o<\/p>\n","protected":false},"author":4,"featured_media":0,"parent":0,"menu_order":0,"comment_status":"closed","ping_status":"open","template":"","meta":{"footnotes":""},"class_list":["post-1239","page","type-page","status-publish","hentry"],"ams_acf":[],"_links":{"self":[{"href":"https:\/\/portugalnomapa.com\/index.php\/wp-json\/wp\/v2\/pages\/1239"}],"collection":[{"href":"https:\/\/portugalnomapa.com\/index.php\/wp-json\/wp\/v2\/pages"}],"about":[{"href":"https:\/\/portugalnomapa.com\/index.php\/wp-json\/wp\/v2\/types\/page"}],"author":[{"embeddable":true,"href":"https:\/\/portugalnomapa.com\/index.php\/wp-json\/wp\/v2\/users\/4"}],"replies":[{"embeddable":true,"href":"https:\/\/portugalnomapa.com\/index.php\/wp-json\/wp\/v2\/comments?post=1239"}],"version-history":[{"count":5,"href":"https:\/\/portugalnomapa.com\/index.php\/wp-json\/wp\/v2\/pages\/1239\/revisions"}],"predecessor-version":[{"id":10880,"href":"https:\/\/portugalnomapa.com\/index.php\/wp-json\/wp\/v2\/pages\/1239\/revisions\/10880"}],"wp:attachment":[{"href":"https:\/\/portugalnomapa.com\/index.php\/wp-json\/wp\/v2\/media?parent=1239"}],"curies":[{"name":"wp","href":"https:\/\/api.w.org\/{rel}","templated":true}]}}